is divided by y/(-8) + 2/8.
13
Let t = 95 + -60. Calculate the remainder when t is divided by (1/((-12)/114))/(2/(-4)).
16
Suppose -183 = -11*v + 4. What is the remainder when v is divided by 12?
5
Suppose -c = 4*m + 15, 7*m + 5*c + 15 = 2*m. What is the remainder when (m + -14 + 3)*51/(-9) is divided by 11?
8
Let m = 895 - 752. Calculate the remainder when m is divided by 12.
11
Let u = -31 - -49. Let g = 107 + -74. Calculate the remainder when g is divided by u.
15
Let s = 30 + 22. Let z = 121 - s. Suppose 3*t = 195 - z. What is the remainder when t is divided by 11?
9
Suppose 1467 = 4*d + f, -5*d + 5*f - 903 + 2743 = 0. What is the remainder when d is divided by 74?
71
Suppose -2*h - 2*h + 8 = 0. Let t = 30 + -9. Let p = h + t. Calculate the remainder when p is divided by 8.
7
Let l(r) = r**3 - 6*r**2 + 7*r - 3. Let p(n) = n**3 + n**2 - 12*n + 5. Let i be p(3). What is the remainder when l(i) is divided by 2?
1
Suppose 0 = -2*s + 5*n + 209, -2*n + 216 = 2*s - 0*n. Calculate the remainder when 202 is divided by s.
95
Let m = -7 + 13. Suppose 3*f = 0, 0*n - f - m = -2*n. Calculate the remainder when (2080/455)/(4/(-28)*-2) is divided by n.
1
Let v = 598 - 576. Let j = -19 - -31. What is the remainder when v is divided by j?
10
Suppose -2482 = -7*w + 2068. Calculate the remainder when w is divided by 21.
20
Let y(d) = 2*d**2 + 66. Suppose 5*n = 7*n. Calculate the remainder when y(n) is divided by 17.
15
Let t = -77 + 76. What is the remainder when 185 is divided by (t*2)/((-12)/282)?
44
Let g = 15 + -25. Let f = 48 + g. Calculate the remainder when f is divided by (13 - 1/(2 + -3)) + -4.
8
Let o = 78 + -58. Let j = 123 - 80. What is the remainder when j is divided by -5*2/o*-46?
20
Let y(j) = 3*j - 11. Let w be y(5). Suppose w*u - 71 = 57. Let b = -18 + u. What is the remainder when b is divided by 4?
2
Let z(o) = -o**2 + 4*o - 5. Let p be z(4). Let s = -8 - p. Calculate the remainder when 111 is divided by (s - -1) + 0 + 30.
27
Let f = -6194 - -6219. Suppose 8 = -4*l, 0*l + 4*l = 5*i - 748. What is the remainder when i is divided by f?
23
Let b = 37 + -31. Calculate the remainder when 26 is divided by b.
2
Let d = -49 + 45. What is the remainder when 2/d + (-658)/(-28) is divided by 12?
11
Let h = -3 - -11. Suppose 4*l + 8 = h*l. Suppose -2*y = -4*v + 50, 4*v + l*y = -y + 75. Calculate the remainder when v is divided by 6.
3
Let u(f) = -2*f**2 - f - 9. Let t be u(-7). Suppose -3*r = -0*s - 4*s - 36, 4*r + 4*s = 20. Calculate the remainder when t/r*-2 - 3 is divided by 8.
6
Suppose -27*i - 78 = -240. What is the remainder when 227 is divided by i?
5
Let z(g) = g - 71. Let d(w) = 72. Suppose 0 = -10*u + 5*u + 15. Let r(h) = u*d(h) + 2*z(h). Calculate the remainder when r(0) is divided by 25.
24
Let h(u) = 5*u**2 - 2*u. Suppose 3*q - 65 = 67. Calculate the remainder when q is divided by h(2).
12
Suppose 0 = 24*j - 23*j + 4*l + 3, 2*j - 54 = 4*l. Calculate the remainder when 438 is divided by j.
13
Let q(m) = 1. Let i(u) = u + 3. Let n(z) = -3*i(z) - 21*q(z). Suppose -3*s + 24 = -3*d, 5 = 4*d + 1. What is the remainder when s is divided by n(-12)?
3
Suppose -3*p - 72 = -6*p. Suppose p*l = 27*l - 114. What is the remainder when 72 is divided by l?
34
Suppose -862 - 332 = -2*m. What is the remainder when m is divided by 23?
22
Let a = -115 - -118. Calculate the remainder when (-232)/(-6) - (-1)/a is divided by 4.
3
Suppose 0 = 7*h + 65 - 464. What is the remainder when h is divided by 43?
14
Suppose 0 = -2*m - 5*d + 368, -4*m - 2*d + 544 = -208. What is the remainder when m is divided by 16?
13
Let m(v) = v**2 - 26. Calculate the remainder when 69 is divided by m(7).
0
Suppose 4*w = -o + 98, -4*o - 205 + 642 = w. What is the remainder when 328 is divided by o?
108
Let s(i) = 22*i - 96. What is the remainder when s(10) is divided by 42?
40
Calculate the remainder when 582 is divided by (-13)/((-78)/(-102))*-7.
106
Suppose 0 = 4*v - 9 - 111. Suppose -4*m + 54 = -v. What is the remainder when 550/15 - (-35)/15 is divided by m?
18
Let y(g) = 4*g**3 + 40*g**2 - 5*g + 22. What is the remainder when y(-10) is divided by 32?
8
Let c(j) = j**3 + 15*j**2 + 46*j - 14. What is the remainder when 4 + -2 + -2 + 76 is divided by c(-10)?
24
Let f(v) = 92*v - 92*v + 4 - v**2. Let h be f(0). Suppose 0 = -y - 2*y - h*r + 142, -2*y + 104 = 5*r. Calculate the remainder when y is divided by 15.
12
Let z be -4 - -5 - -1 - -31. Let j = -26 + z. Calculate the remainder when j is divided by 4.
3
Let z = -47 - -51. Suppose -3*d + 681 = z*s, 3*s - 90 = 5*d + 399. What is the remainder when s is divided by 43?
39
Let h = -613 + 622. Calculate the remainder when 53 is divided by h.
8
Suppose -1106 = -83*g + 56. Calculate the remainder when g is divided by 5 - (-1 + (0 - -1)).
4
Suppose -4*g - 19 = -3*h - 6*g, -2*h - 2*g = -12. Let n(v) = v + 10 - 8 - 1 - 7. What is the remainder when 2 is divided by n(h)?
0
Let b(j) = 9*j**2 + 3*j - 4. What is the remainder when b(3) is divided by 44?
42
Let k(f) = -2*f**3 + 15*f**2 - 6*f - 2. Let i(c) = c**3 - 7*c**2 - 8*c + 3. What is the remainder when k(7) is divided by i(8)?
2
Suppose 10*z + 37 - 657 = 0. What is the remainder when 1673 is divided by z?
61
Let o = 837 + -536. Calculate the remainder when o is divided by 44.
37
Let j = 86 - 60. Let c = -21 + j. What is the remainder when 12 is divided by c?
2
What is the remainder when 367 is divided by 10 + -8 + 34 + -2?
27
Let v be (2/1)/(-2)*-5. Suppose -2*i + 74 = 4*n, v*n + 0*i - i = 75. Suppose 20 = 3*p - n. Calculate the remainder when 22 is divided by p.
10
What is the remainder when (45 - 52)*(-48)/14 is divided by 17?
7
Let o = -43 - -46. Suppose 0 = o*y + 19 - 61. Calculate the remainder when 53 is divided by y.
11
Let w(q) = q + 5. Let b be w(-5). Let i be (-3 + -3 + 5)*b. Suppose i = 3*c - c - 186. What is the remainder when c is divided by 19?
17
Calculate the remainder when 70 is divided by (-13 - -9)*(-3 - 3).
22
Let u = 14 + -5. Let q(b) = -26*b - 9. Calculate the remainder when q(-2) is divided by u.
7
Let b be (-33)/((-36)/(-8) + -4). Suppose -6*z - 188 = -2*z. Let g = z - b. Calculate the remainder when 75 is divided by g.
18
Let s(z) = -z**3 + 6*z - 4*z - 15*z**2 + 6*z - 36 + 3*z. Calculate the remainder when s(-16) is divided by 16.
12
Let g(f) = -2*f + 5*f - 4*f. Let o(j) = -3*j + 21. Let r be o(10). What is the remainder when g(r) is divided by 3?
0
Calculate the remainder when (-1)/(4/(-6) - 955/(-1455)) is divided by 17.
12
Let w(f) = 2*f**2 - 87*f - 417. Let i(y) = y**2 + y + 42. Calculate the remainder when i(0) is divided by w(48).
12
Suppose 0*f = 5*f - 245. Let x = -28 + 91. Suppose -6*s + 73 = -s + 4*v, -x = -5*s + v. What is the remainder when f is divided by s?
10
Suppose -3*l + 10 = -2*v, 3*l + 5*v = 1 - 5. Let i(f) = 10*f + 0*f**3 + f**3 + 135*f**2 - 144*f**l + 11. Calculate the remainder when i(8) is divided by 7.
6
Let j be (-21 - 55) + (0 - 0 - 2). Let q = j + 85. Calculate the remainder when 22 is divided by q.
1
Suppose -36*j + 33776 = -20*j. Calculate the remainder when j is divided by 96.
95
Let z be (166/(-8))/((-4)/16). Let v = 94 - z. Calculate the remainder when 76 is divided by v.
10
Let j be 3*(-1 + 5/3). Suppose j*k - 5*i = -0*i + 29, -4*i = -20. What is the remainder when 48 is divided by k?
21
What is the remainder when 342 is divided by ((-1350)/(-60))/(2/4) + -2?
41
Suppose 3*y + 4*m = -y + 12, -4*y - 33 = -5*m. Let o(z) = -2*z + z**3 - 2*z**3 + 6474*z**2 - 6476*z**2. Calculate the remainder when 7 is divided by o(y).
3
Let d = 400 - 249. What is the remainder when d is divided by 52?
47
What is the remainder when (-10230)/(-255) + 2/(-17) is divided by 15?
10
Suppose 0 = 2*u + 4*x - 40, 2*x = -5*u + 164 - 48. Calculate the remainder when 308 is divided by u.
20
Let h(r) = r**2 - 4*r. Let c be h(-3). Suppose c = -a + 5*b, -2*a + 4*b - 10 = 2. What is the remainder when ((-10)/a)/((-23)/966) is divided by 27?
24
Let c be (-50)/(-6) + 3/(-9). Let z = 45 - 28. Let k = z - c. What is the remainder when k is divided by 4?
1
Let b = -58 + 191. Let o = b + -86. What is the remainder when 182 is divided by o?
41
Suppose 4*m + 2 = -5*g + 41, -2*m = 4*g - 24. What is the remainder when m is divided by 4?
2
Suppose 3*d - 2*d - 861 = -5*z, z - 